{"version":"1.0","provider_name":"HLWest Innsbruck","provider_url":"https:\/\/www.hlwest.at\/hlwest","author_name":"Simone Gritsch","author_url":"https:\/\/www.hlwest.at\/hlwest\/author\/gris\/","title":"Weltklimakonferenz - HLWest Innsbruck","type":"rich","width":600,"height":338,"html":"<blockquote class=\"wp-embedded-content\" data-secret=\"3IRtXrWR1r\"><a href=\"https:\/\/www.hlwest.at\/hlwest\/weltklimakonferenz\/\">Weltklimakonferenz<\/a><\/blockquote><iframe sandbox=\"allow-scripts\" security=\"restricted\" src=\"https:\/\/www.hlwest.at\/hlwest\/weltklimakonferenz\/embed\/#?secret=3IRtXrWR1r\" width=\"600\" height=\"338\" title=\"&#8222;Weltklimakonferenz&#8220; &#8211; HLWest Innsbruck\" data-secret=\"3IRtXrWR1r\" frameborder=\"0\" marginwidth=\"0\" marginheight=\"0\" scrolling=\"no\" class=\"wp-embedded-content\"><\/iframe><script type=\"text\/javascript\">\n\/* <![CDATA[ *\/\n\/*! This file is auto-generated *\/\n!function(d,l){\"use strict\";l.querySelector&&d.addEventListener&&\"undefined\"!=typeof URL&&(d.wp=d.wp||{},d.wp.receiveEmbedMessage||(d.wp.receiveEmbedMessage=function(e){var t=e.data;if((t||t.secret||t.message||t.value)&&!\/[^a-zA-Z0-9]\/.test(t.secret)){for(var s,r,n,a=l.querySelectorAll('iframe[data-secret=\"'+t.secret+'\"]'),o=l.querySelectorAll('blockquote[data-secret=\"'+t.secret+'\"]'),c=new RegExp(\"^https?:$\",\"i\"),i=0;i<o.length;i++)o[i].style.display=\"none\";for(i=0;i<a.length;i++)s=a[i],e.source===s.contentWindow&&(s.removeAttribute(\"style\"),\"height\"===t.message?(1e3<(r=parseInt(t.value,10))?r=1e3:~~r<200&&(r=200),s.height=r):\"link\"===t.message&&(r=new URL(s.getAttribute(\"src\")),n=new URL(t.value),c.test(n.protocol))&&n.host===r.host&&l.activeElement===s&&(d.top.location.href=t.value))}},d.addEventListener(\"message\",d.wp.receiveEmbedMessage,!1),l.addEventListener(\"DOMContentLoaded\",function(){for(var e,t,s=l.querySelectorAll(\"iframe.wp-embedded-content\"),r=0;r<s.length;r++)(t=(e=s[r]).getAttribute(\"data-secret\"))||(t=Math.random().toString(36).substring(2,12),e.src+=\"#?secret=\"+t,e.setAttribute(\"data-secret\",t)),e.contentWindow.postMessage({message:\"ready\",secret:t},\"*\")},!1)))}(window,document);\n\/* ]]> *\/\n<\/script>\n","thumbnail_url":"https:\/\/www.hlwest.at\/hlwest\/wp-content\/uploads\/2024\/06\/weltklimakonferenz-1-scaled.jpg","thumbnail_width":1920,"thumbnail_height":2560,"description":"Anfang Juni nahm die 4CHW an der Weltklimakonferenz teil und versucht die Welt zu retten. In unterschiedlichen Rollen und Interessensverb\u00e4nden pr\u00e4sentierten sie ihre Ergebnisse anschlie\u00dfend dem UN Generalsekret\u00e4r und traten f\u00fcr ihre Interessen ein.\u00a0Das Ganze fand im Fach Wirtschaftsethik bei einem Workshop am MCI statt. Text und Bilder: Tabernig Birgit"}

Anfang Juni nahm die 4CHW an der Weltklimakonferenz teil und versucht die Welt zu retten. In unterschiedlichen Rollen und Interessensverbänden präsentierten sie ihre Ergebnisse anschließend dem UN Generalsekretär und traten für ihre Interessen ein. Das Ganze fand im Fach Wirtschaftsethik bei einem Workshop am MCI statt. Text und Bilder: Tabernig Birgit
